t is the highest common divisor of 104 and 374660?
52
Calculate the greatest common factor of 2085 and 2175.
15
Calculate the greatest common factor of 4 and 3651.
1
What is the highest common factor of 24369 and 75?
3
Calculate the highest common divisor of 484 and 143308.
44
Calculate the greatest common factor of 374991 and 13623.
717
What is the greatest common factor of 6 and 478722?
6
What is the greatest common factor of 22753 and 373?
373
What is the highest common factor of 90 and 5370?
30
What is the highest common divisor of 7969 and 143?
13
Calculate the greatest common divisor of 1078 and 387541.
539
What is the greatest common factor of 525 and 6069?
21
Calculate the highest common factor of 36495 and 4365.
45
Calculate the greatest common factor of 73294 and 1027.
13
Calculate the highest common divisor of 204155 and 1330.
665
What is the highest common factor of 189579 and 39?
39
What is the highest common factor of 583731 and 1422?
711
Calculate the greatest common factor of 664119 and 729.
729
Calculate the greatest common divisor of 45 and 14355.
45
Calculate the greatest common factor of 120684 and 356.
356
Calculate the greatest common factor of 323 and 38817.
19
Calculate the highest common factor of 48 and 4260.
12
What is the greatest common divisor of 31556 and 46?
46
Calculate the greatest common divisor of 27935 and 1359.
151
Calculate the highest common factor of 23683 and 517.
11
Calculate the highest common divisor of 78 and 209976.
78
Calculate the highest common divisor of 16512 and 512.
128
What is the greatest common factor of 4491 and 537?
3
Calculate the greatest common factor of 578 and 8636.
34
Calculate the highest common factor of 322 and 1070006.
322
Calculate the greatest common divisor of 1280 and 2155840.
320
Calculate the highest common divisor of 572 and 13663.
13
What is the highest common divisor of 1536 and 47136?
96
Calculate the greatest common factor of 226756 and 664.
332
What is the greatest common divisor of 528 and 125312?
176
Calculate the greatest common factor of 4796 and 109.
109
What is the greatest common factor of 3820 and 516655?
955
Calculate the highest common divisor of 17 and 10183.
17
Calculate the greatest common factor of 7805 and 10430.
35
What is the greatest common factor of 3901 and 3431?
47
What is the greatest common factor of 34227 and 135?
9
Calculate the greatest common divisor of 7095 and 5805.
645
What is the highest common factor of 4004 and 203?
7
Calculate the highest common factor of 11 and 12323.
1
What is the greatest common factor of 13095 and 28350?
135
Calculate the highest common factor of 2382 and 564.
6
What is the greatest common divisor of 777 and 264411?
21
Calculate the greatest common divisor of 182349 and 27.
9
What is the greatest common factor of 1816317 and 72?
9
What is the greatest common divisor of 17 and 4312849?
17
Calculate the highest common divisor of 4522 and 29868.
38
Calculate the greatest common factor of 50898 and 816.
102
What is the highest common factor of 73347 and 69?
69
What is the highest common divisor of 407107 and 5473?
421
Calculate the highest common factor of 94 and 779824.
94
What is the highest common divisor of 15 and 52905?
15
Calculate the highest common divisor of 12609505 and 5.
5
What is the greatest common factor of 79956 and 288?
36
What is the highest common factor of 32007 and 681?
681
Calculate the highest common divisor of 4997 and 7627.
263
Calculate the highest common factor of 38769 and 6.
3
What is the highest common divisor of 1592825 and 13?
13
What is the greatest common divisor of 423 and 963?
9
Calculate the greatest common factor of 5075848 and 712.
712
Calculate the highest common divisor of 89 and 97.
1
What is the highest common divisor of 194912 and 384?
32
Calculate the greatest common factor of 2895 and 424407.
579
Calculate the greatest common divisor of 55 and 19272.
11
Calculate the highest common divisor of 4671 and 48959.
173
Calculate the highest common divisor of 190260 and 30.
30
Calculate the greatest common factor of 59125 and 29975.
275
What is the highest common factor of 735 and 230965?
35
What is the highest common factor of 9 and 271827?
9
Calculate the greatest common divisor of 119867 and 5769.
641
What is the greatest common divisor of 1600 and 1728?
64
What is the greatest common factor of 2576 and 42?
14
What is the highest common divisor of 4514 and 84878?
74
What is the highest common divisor of 1118 and 3042?
26
Calculate the greatest common divisor of 189 and 1080.
27
Calculate the highest common divisor of 185320 and 80.
40
What is the greatest common factor of 378734 and 2315?
463
Calculate the greatest common divisor of 141 and 6198501.
141
Calculate the highest common factor of 107016 and 1352.
104
Calculate the greatest common factor of 185462 and 94.
94
What is the highest common divisor of 77 and 4417?
7
Calculate the greatest common factor of 5979 and 2706.
3
What is the greatest common factor of 852 and 1536?
12
Calculate the greatest common divisor of 28269 and 2792.
349
What is the greatest common factor of 45484 and 5312?
332
Calculate the greatest common factor of 18575 and 75.
25
Calculate the greatest common factor of 627310 and 10.
10
What is the highest common divisor of 507 and 200499?
39
What is the greatest common divisor of 237 and 1894341?
237
Calculate the highest common factor of 8793 and 2925.
9
What is the highest common divisor of 897837 and 963?
321
Calculate the highest common divisor of 544 and 340510.
34
What is the greatest common factor of 1 and 286543?
1
Calculate the highest common factor of 504649 and 1314.
73
Calculate the highest common divisor of 81 and 530226.
81
What is the highest common factor of 42585 and 204?
51
What is the highest common factor of 7600 and 2128?
304
Calculate the greatest common factor of 17479 and 385.
77
What is the greatest common factor of 4316 and 1404?
52
Calculate the greatest common divisor of 2075 and 50215.
415
What is the greatest common factor of 506 and 738958?
22
Calculate the greatest common factor of 22351 and 155.
31
Calculate the highest common factor of 6032 and 105096.
232
What is the greatest common factor of 4939424 and 28?
28
What is the highest common factor of 1963 and 10673?
13
What is the greatest common divisor of 888 and 49247?
37
Calculate the highest common factor of 33939 and 18.
9
What is the highest common divisor of 26 and 4?
2
What is the highest common divisor of 53090 and 20?
10
Calculate the highest common factor of 162 and 20610.
18
Calculate the highest common divisor of 297 and 68706.
99
What is the highest common divisor of 255 and 283380?
15
Calculate the highest common factor of 601 and 1784369.
601
Calculate the greatest common divisor of 15995 and 875.
35
What is the highest common factor of 106 and 11978?
106
Calculate the highest common factor of 26864 and 8944.
16
What is the highest common divisor of 315 and 9219?
21
What is the highest common divisor of 1819 and 2461?
107
What is the highest common factor of 560 and 85190?
70
Calculate the highest common divisor of 35 and 35.
35
Calculate the greatest common divisor of 82400 and 103.
103
Calculate the greatest common factor of 11 and 13123.
11
What is the highest common divisor of 4189954 and 37?
37
What is the highest common divisor of 40080 and 8400?
240
Calculate the greatest common factor of 140 and 1435.
35
What is the highest common divisor of 233605 and 95?
95
Calculate the highest common factor of 50759 and 32875.
263
What is the greatest common divisor of 198 and 1926?
18
Calculate the greatest common divisor of 1378644 and 7860.
1572
Calculate the highest common factor of 73790 and 564.
94
Calculate the greatest common factor of 272 and 3111.
17
What is the highest common factor of 2242604 and 202?
202
What is the greatest common divisor of 2294 and 74?
74
What is the greatest common factor of 4167 and 113435?
463
What is the highest common divisor of 2565 and 51015?
285
Calculate the greatest common divisor of 113578 and 218.
218
What is the highest common factor of 185516 and 76?
76
Calculate the greatest common factor of 1915934 and 3774.
1258
What is the highest common divisor of 81